4)/((-1)/n). Suppose -y*m + 1887 = -638. Is m composite?
True
Is 30/(-3) + 184293/9 a prime number?
False
Let h be -3 + 2 + 3*1. Suppose o + 6399 = 5*j + 3*o, 4*j = -h*o + 5118. Suppose 3*s - j - 6834 = 0. Is s a composite number?
True
Suppose 5*y + y + 42 = 0. Let q(z) = -26*z - 3. Let s be q(y). Suppose -s - 1587 = -2*f - 3*c, 2*f + 2*c - 1762 = 0. Is f prime?
True
Suppose g - 16 - 1 = 0. Suppose -2761 - 2628 = -g*b. Is b a prime number?
True
Suppose 0 = 37*h - 12783624 - 1086414 - 13624699. Is h a composite number?
True
Let t(v) = 478027*v**3 + 16*v**2 - 14*v - 2. Is t(1) composite?
True
Suppose 3*b - 4*o - 42540 = 0, 5*b - o - o - 70914 = 0. Let p = b - 8130. Suppose 2*y = -5*i + 4109, 5*i + 5*y = p - 1939. Is i a composite number?
False
Let y(v) = 5*v**2 - v - 2. Let x be y(-1). Suppose -1078 = d - 2*r - 5248, 4*r = -x. Let l = d + -2529. Is l a composite number?
True
Is (8 + -1)/((42/(-800949))/(-2)) composite?
False
Let a be 2858/(-3)*-6*1/2. Suppose 0 = 13*h - 3330 - a. Let i = h - 265. Is i a composite number?
False
Let o(p) = 3*p**2 + 443*p + 45. Is o(41) prime?
True
Suppose -34*k = -23*k - 2750. Let y = 1929 + k. Is y composite?
False
Let w be (-20)/(-8)*(-24)/(-15). Suppose -3*r + w*k + 31681 = 0, 4*r = 3*k + 39585 + 2654. Is r a prime number?
True
Suppose 6*y = 8 + 16. Suppose -3*a - 1217 = 5*o - 17035, 3*o - 9485 = y*a. Suppose 12*f - 11*f - o = 0. Is f prime?
True
Let p = 61 + -57. Suppose -5*x = -5*d + p*d + 4052, 5*d - 20140 = x. Suppose 2*o - 6677 = -5*y, y + 4*o + d = 4*y. Is y composite?
True
Let z(t) = -401*t**3 + 12*t**2 + 31*t + 109. Is z(-6) a composite number?
True
Let w = 86 + -84. Suppose -5*d = -5, -w*p + 30109 = 3*d + 3200. Is p composite?
True
Suppose -k - 14 = -4*o, -6*k + 3*k + 5*o - 14 = 0. Is 3317/k + (-12)/8 composite?
False
Let b be (-8)/36 - 43535/(-9). Let g = -3376 + b. Is g composite?
True
Suppose 0 = -93*r + 4603361 + 16066726. Is r composite?
True
Let j(m) = 9*m**2 - 16*m + 22. Let h be (6*(-8)/(-12))/2. Suppose 0 = -h*o + 14 + 10. Is j(o) a prime number?
False
Suppose 5*z - 15 = 0, -z = 5*f - 3*z - 49. Let k be f - 48 - (-2)/((-2)/3). Let x = k - -621. Is x a composite number?
True
Suppose 4*j - 111*j = 2442714 - 15342527. Is j a prime number?
False
Let b(w) = w**3 + 5*w**2 - 10*w + 39. Let x be b(-7). Let f(l) = l**3 - 3*l**2 - 10*l - 17. Is f(x) a composite number?
True
Suppose -4*a - 5203343 = -45*a + 24*a. Is a prime?
False
Suppose 0 = 8*j - 13*j + 40. Suppose -j*f = -29578 + 6914. Is f a composite number?
False
Is (4 + (-152)/32)/(3 + (-4030518)/1343504) a prime number?
False
Let t(k) = -k**3 + 12*k**2 - 27*k. Let i be t(8). Suppose 38*r - i*r = -526. Is r prime?
True
Let g(l) = 3*l**2 + 12*l**2 - l**3 - 96*l + 15 + 48*l + 38*l. Let i be 24/(-16) - (-87)/6. Is g(i) a composite number?
False
Is (-135364)/((-8)/(-28) + -1) - (-21)/(-35) a prime number?
True
Let j be 812/112 + ((-9)/4 - -2). Suppose j*a - 3364 = -4*z + 8*a, 4*a = 3*z - 2523. Is z prime?
False
Suppose -2*a + 5*f = -1703002, -34 = 4*f - 18. Is a a prime number?
True
Let y(v) = 1533*v**2 + 19*v - 117. Is y(7) a prime number?
True
Is (20/((-460)/(-18482501)))/1 a composite number?
False
Suppose g = -3*n - 84653, 4*n = -2*g - 75567 - 37303. Let j be (-39)/(-26)*n/(-9). Suppose 4*f - 4525 = j. Is f composite?
True
Let t(n) = -26*n + 19. Let x(u) be the third derivative of -u**5/60 - u**4/12 + u**3/6 - 34*u**2. Let j be x(2). Is t(j) composite?
True
Let a(u) = 43590*u**2 + 42*u + 13. Is a(2) a prime number?
True
Suppose 0 = -3*f - c + 291610, -5*f - 7*c + 486018 = -4*c. Is f a composite number?
True
Suppose 5*l + 2*y - y + 3732 = 0, 0 = 4*y - 12. Let r = l - -3794. Is r a composite number?
True
Let z(r) = -r**3 - 15*r**2 - 12*r + 37. Let n be z(-14). Suppose 0 = -n*d - 1896 + 5307. Is d a composite number?
False
Let m(v) = 1849*v + 1685. Is m(8) prime?
True
Let m(y) = -133*y + 11. Suppose -2*p - 4 = -2*i - 12, p - 28 = 5*i. Is m(i) a prime number?
True
Let w = -185142 - -290651. Is w composite?
False
Let o(y) = 2*y**3 - 17*y**2 - 8*y + 17. Suppose -d + 6 = -6. Let h be o(d). Suppose h + 641 = 2*b. Is b prime?
False
Suppose 0 = 4*w + 2*h - 360, w - 154 = 5*h - 42. Suppose w = b - 3*z - 800, 4*b - 2*z = 3518. Is b a prime number?
True
Let r = 65 - 22. Suppose 38*f - r*f + 20 = 0. Suppose -5*h - 56 = -3*m - 660, 482 = f*h - 2*m. Is h a prime number?
False
Is -8*22/(-704)*3988716 composite?
True
Let l = -152 + 154. Is 1538/(-4)*-1*20/l a composite number?
True
Let l(x) = 30*x**2 + 4*x + 13. Suppose 2*m + 2*m - h = -18, -4*h - 33 = 5*m. Is l(m) a composite number?
False
Let g(c) = -9*c**3 + 5*c**2 + 7*c + 4. Let d be (-9 - 3)/(-2)*7/(-14). Is g(d) composite?
False
Let g be ((-2)/(-1))/((-4)/(-152)*4). Let j = 19 - g. Suppose j = x + x - 358. Is x prime?
True
Let l(s) = 58*s**2 + 27*s - 20. Let x be l(11). Suppose -x = -4*o + 1677. Is o a composite number?
False
Suppose 12 = 2*r + b, -r = -3*r - 5*b + 28. Suppose 2*y - 5*n - 2 = -5, -3*n = r*y - 7. Is 1217/y + (-6)/3 + 2 a prime number?
True
Let q be (6/(-1) + 5)*(-1 + -2156). Suppose 0*j - q = -3*x - 2*j, 0 = 5*j. Is x a prime number?
True
Let q(z) = -1454*z + 3. Let f(h) = -2907*h + 8. Let b(n) = -4*f(n) + 9*q(n). Is b(-6) composite?
True
Let l(j) = 3*j**2 + 22*j - 5. Let d be l(-8). Let u(v) = 576*v - 215. Is u(d) a composite number?
False
Let s(p) = -2359*p + 203. Let h(x) = -4*x + 1. Let c(m) = -4*h(m) + s(m). Is c(-18) prime?
True
Suppose j = -34*m + 30*m + 141817, -3*m = 9. Is j composite?
False
Is (1163512/(-12) + 2/6)*(193 + -194) a prime number?
True
Suppose -37 = 3*t - 16, 3*v + 2*t - 1835965 = 0. Is v prime?
True
Let v(x) = 9 - 7*x + 7 + 171*x - 242*x - 439*x. Is v(-3) composite?
False
Let f(r) = -31*r + 158 + 97*r - 3 + 268*r. Is f(8) composite?
True
Let o = 401109 - 20876. Is o a prime number?
False
Let v(q) = q**3 + q**2 - 2*q - 1. Let y(a) = 33*a**3 - 3*a**2 + 2*a - 23. Let z(s) = -6*v(s) + y(s). Is z(5) a composite number?
False
Let p(z) = 2*z**3 - 195*z**2 - 301*z + 193. Is p(103) composite?
False
Suppose -70*w + 559*w = 14*w + 1754047225. Is w a composite number?
True
Let l = 136 + -54. Let f = 149 - 74. Let s = f + l. Is s prime?
True
Suppose 3*a + 902 = 4*u, 0 = -3*u - 6*a + a + 691. Suppose 230*g - 4953 = u*g. Is g prime?
False
Let n be 80/180 - (-12)/(-27). Suppose -5*q + 13200 = 4*w, w + 11*q - 9*q - 3303 = n. Is w prime?
False
Let d(y) = y**3 - y**2 + 5*y - 5. Suppose 5*v = 2*g, -4*v + 23 = -g + 4*g. Let r be d(v). Suppose -r*c - 67 + 2398 = 0. Is c a composite number?
True
Let b = 17 - 23. Let z = b + 9. Suppose 3*t - z*m = 2739, -3*t + 2737 = -m - m. Is t composite?
False
Let j be -2 - ((-34660)/(-8))/(1/2). Is (2/6)/((-9)/j) composite?
True
Let t = 78 - 80. Let c be 0*(t + -2 + (4 - 1)). Suppose c = -4*u + 2*u + 764. Is u prime?
False
Suppose 20 = 5*f, -4*s = -2*s + 2*f + 8. Let b be (((-4245)/4)/5)/((-2)/s). Let o = 1496 + b. Is o a composite number?
False
Let j(q) = q**3 - 23*q**2 - 40*q - 45. Suppose 4*n = 273 - 173. Is j(n) composite?
True
Is 122/(-183) + (-15821)/(-3) composite?
False
Suppose 0 = -2*h + 88 - 20. Let m = h - 31. Suppose m*q + 4289 - 16010 = 0. Is q prime?
True
Let o = 746 - 129. Suppose -3011 = -4*g + o. Is g a composite number?
False
Suppose -702*t + 346861 = 5*f - 704*t, -15 = 5*t. Is f prime?
True
Is (284497/284)/(1/68) a prime number?
False
Suppose 0 = -5*p + 4*a + 131022, 3*p + 20658 = -3*a + 99255. Is ((-2)/(-6))/(22/p) composite?
False
Let h = 5774 + -1406. Suppose 3*t - 2189 = -4*f + h, 2*t + 3*f = 4370. Is t a prime number?
False
Suppose 3*b + 4*s + 210 = 4*b, 3 = s. Is 37863/5 - b/(-555) prime?
True
Suppose 5*u - 1142 = -117. Suppose -2*n + u + 8013 = 0. Suppose 0 = -3*s + q - 5*q + n, 2*s - 2744 = 2*q. Is s a prime number?
False
Is 6410484/72*(128/22 - 10/(-55)) a composite number?
True
Suppose 15 = -3*j + 8*j. Suppose 4*t - 3 = -2*s - s, 0 = 3*s + 2*t - j. Is (s/(-2))/((-8)/9584) prime?
True
Let z(y) = -13052*y - 1533. Is z(-13) composite?
False
Let d = -13468 + 14099. Is d prime?
True
Suppose 5*v = 5*o - 90, -9*v = 3*o - 14*v - 50. Is (-1*(-3118)/8)/(5/o) a composite number?
False
Suppose -11*m - 39 = -127. Is ((-32151)/14)/((-12)/m) composite?
False
Suppose -1 = t - 11. Let s = -7 + t. Suppose -4*n + 5*z = -672 - 1397, 2*n = s*z